 by 613?
609
Calculate the remainder when 7285 is divided by 7252.
33
What is the remainder when 14542 is divided by 102?
58
What is the remainder when 455 is divided by 344?
111
Calculate the remainder when 1937 is divided by 683.
571
What is the remainder when 42394 is divided by 4709?
13
What is the remainder when 51620 is divided by 361?
358
What is the remainder when 51043 is divided by 77?
69
Calculate the remainder when 56990 is divided by 1036.
10
What is the remainder when 87295 is divided by 176?
175
What is the remainder when 2678 is divided by 39?
26
What is the remainder when 508956 is divided by 127231?
32
What is the remainder when 478408 is divided by 13?
8
Calculate the remainder when 123191 is divided by 354.
353
Calculate the remainder when 16103 is divided by 12.
11
Calculate the remainder when 11 is divided by 9.
2
Calculate the remainder when 577771 is divided by 82.
81
What is the remainder when 833591 is divided by 718?
711
Calculate the remainder when 2679 is divided by 149.
146
Calculate the remainder when 226763 is divided by 113377.
9
What is the remainder when 153085 is divided by 11?
9
What is the remainder when 2285 is divided by 46?
31
What is the remainder when 37697 is divided by 580?
577
What is the remainder when 49588 is divided by 1710?
1708
Calculate the remainder when 1193992 is divided by 1363.
4
Calculate the remainder when 133105 is divided by 13.
11
What is the remainder when 8890 is divided by 3762?
1366
What is the remainder when 1034693 is divided by 344895?
8
Calculate the remainder when 2141 is divided by 417.
56
Calculate the remainder when 4314272 is divided by 445.
442
What is the remainder when 10338 is divided by 3442?
12
Calculate the remainder when 8350 is divided by 23.
1
What is the remainder when 46013 is divided by 7660?
53
What is the remainder when 2072848 is divided by 195?
193
What is the remainder when 4486983 is divided by 2086?
2083
Calculate the remainder when 5462338 is divided by 30.
28
Calculate the remainder when 71061 is divided by 816.
69
Calculate the remainder when 2211 is divided by 192.
99
Calculate the remainder when 1828 is divided by 7.
1
What is the remainder when 4592 is divided by 655?
7
Calculate the remainder when 353964 is divided by 7.
2
What is the remainder when 5066 is divided by 49?
19
Calculate the remainder when 127541 is divided by 2966.
3
What is the remainder when 15111 is divided by 3773?
19
What is the remainder when 17315 is divided by 39?
38
Calculate the remainder when 21625 is divided by 89.
87
What is the remainder when 17330 is divided by 1727?
60
Calculate the remainder when 2625 is divided by 246.
165
What is the remainder when 72156 is divided by 72148?
8
What is the remainder when 1963 is divided by 25?
13
What is the remainder when 6266 is divided by 96?
26
What is the remainder when 957 is divided by 486?
471
What is the remainder when 2959 is divided by 591?
4
Calculate the remainder when 90484 is divided by 1774.
10
What is the remainder when 40021 is divided by 40014?
7
What is the remainder when 103813 is divided by 747?
727
What is the remainder when 10289 is divided by 1469?
6
Calculate the remainder when 100106 is divided by 108.
98
What is the remainder when 113614 is divided by 46?
40
What is the remainder when 4957 is divided by 239?
177
Calculate the remainder when 10973 is divided by 177.
176
What is the remainder when 16018 is divided by 3716?
1154
Calculate the remainder when 365037 is divided by 17.
13
What is the remainder when 86931 is divided by 1525?
6
What is the remainder when 19425 is divided by 4844?
49
Calculate the remainder when 9550 is divided by 867.
13
Calculate the remainder when 1408 is divided by 91.
43
What is the remainder when 39421 is divided by 43?
33
Calculate the remainder when 20751 is divided by 6868.
147
What is the remainder when 2206 is divided by 111?
97
Calculate the remainder when 32055 is divided by 41.
34
Calculate the remainder when 10903 is divided by 88.
79
Calculate the remainder when 982 is divided by 140.
2
What is the remainder when 29469 is divided by 9727?
288
Calculate the remainder when 4882 is divided by 2414.
54
Calculate the remainder when 80699 is divided by 585.
554
What is the remainder when 17752 is divided by 1143?
607
What is the remainder when 1539 is divided by 643?
253
What is the remainder when 3681839 is divided by 10?
9
Calculate the remainder when 4086 is divided by 10.
6
What is the remainder when 69129 is divided by 34403?
323
Calculate the remainder when 1766 is divided by 1655.
111
Calculate the remainder when 77075 is divided by 79.
50
Calculate the remainder when 215313 is divided by 92.
33
What is the remainder when 4498778 is divided by 121?
119
Calculate the remainder when 29402 is divided by 297.
296
Calculate the remainder when 2415 is divided by 2410.
5
What is the remainder when 12835 is divided by 79?
37
What is the remainder when 266257 is divided by 3750?
7
What is the remainder when 2308 is divided by 237?
175
Calculate the remainder when 184183 is divided by 9.
7
Calculate the remainder when 27107 is divided by 108.
107
Calculate the remainder when 330363 is divided by 132.
99
What is the remainder when 7224 is divided by 147?
21
Calculate the remainder when 4618 is divided by 144.
10
What is the remainder when 1164 is divided by 318?
210
Calculate the remainder when 135410 is divided by 732.
722
Calculate the remainder when 303967 is divided by 56.
55
Calculate the remainder when 92951 is divided by 8.
7
Calculate the remainder when 43952 is divided by 147.
146
What is the remainder when 317559 is divided by 34?
33
Calculate the remainder when 1603195 is divided by 802.
799
Calculate the remainder when 2935 is divided by 357.
79
Calculate the remainder when 81193 is divided by 16237.
8
What is the remainder when 35439 is divided by 123?
15
Calculate the remainder when 2065 is divided by 1094.
971
Calculate the remainder when 59141 is divided by 166.
45
What is the remainder when 97625 is divided by 389?
375
Calculate the remainder when 4470 is divided by 1979.
512
What is the remainder when 2959 is divided by 56?
47
What is the remainder when 6279 is divided by 348?
15
Calculate the remainder when 7686 is divided by 420.
126
Calculate the remainder when 194775 is divided by 7491.
9
Calculate the remainder when 89931 is divided by 283.
220
What is the remainder when 44365 is divided by 181?
20
What is the remainder when 885720 is divided by 499?
494
Calculate the remainder when 989 is divided by 120.
29
What is the remainder when 1768 is divided by 628?
512
What is the remainder when 18216 is divided by 792?
0
Calculate the remainder when 34870 is divided by 8696.
86
What is the remainder when 3296 is divided by 474?
452
What is the remainder when 1415 is divided by 175?
15
Calculate the remainder when 17252 is divided by 154.
4
What is the remainder when 249512 is divided by 127?
84
Calculate the remainder when 23944 is divided by 180.
4
Calculate the remainder when 16072 is divided by 38.
36
What is the remainder when 1666 is divided by 76?
70
Calculate the remainder when 3150 is divided by 132.
114
What is the remainder when 9503 is divided by 520?
143
Calculate the remainder when 1501 is divided by 496.
13
Calculate the remainder when 32854 is divided by 280.
94
Calculate the remainder when 77109 is divided by 12.
9
What is the remainder when 118640 is divided by 50?
40
What is the remainder when 15315 is divided by 28?
27
Calculate the remainder when 15208 is divided by 410.
38
Calculate the remainder when 119 is divided by 17.
0
Calculate the remainder when 1367273 is divided by 543.
542
Calculate the remainder when 17540 is divided by 17539.
1
What is the remainder when 26334 is divided by 13?
9
What is the remainder when 192754 is divided by 96367?
20
What is the remainder when 85526 is divided by 594?
584
Calculate the remainder when 79463 is divided by 301.
300
What is the remainder when 75758 is divided by 377?
358
Calculate the remainder when 387 is divided by 65.
62
Calculate the remainder when 77713 is divided by 19391.
149
Calculate the remainder when 26167 is divided by 119.
106
What is the remainder when 1337 is divided 